 is the tens digit of 4725127?
2
What is the hundreds digit of 104560593?
5
What is the tens digit of 9689994?
9
What is the tens digit of 1862155894?
9
What is the thousands digit of 16016839?
6
What is the hundreds digit of 123504286?
2
What is the tens digit of 2513929943?
4
What is the ten millions digit of 27452471?
2
What is the hundred thousands digit of 418527845?
5
What is the units digit of 568651883?
3
What is the hundred millions digit of 105292234?
1
What is the millions digit of 2085779876?
5
What is the units digit of 691628250?
0
What is the hundred millions digit of 462561248?
4
What is the thousands digit of 285109541?
9
What is the units digit of 31764056?
6
What is the billions digit of 2574068403?
2
What is the tens digit of 173602250?
5
What is the hundreds digit of 5788489581?
5
What is the ten thousands digit of 2935635205?
3
What is the tens digit of 1436575987?
8
What is the hundreds digit of 4417299923?
9
What is the ten thousands digit of 73360462?
6
What is the thousands digit of 7562330?
2
What is the ten thousands digit of 1286599151?
9
What is the ten millions digit of 73059224?
7
What is the ten thousands digit of 51102658?
0
What is the tens digit of 134995178?
7
What is the hundred thousands digit of 5589711552?
7
What is the hundreds digit of 22879169?
1
What is the ten millions digit of 4062630617?
6
What is the ten thousands digit of 2318812281?
1
What is the ten millions digit of 188637126?
8
What is the ten millions digit of 2224105434?
2
What is the units digit of 2444215?
5
What is the units digit of 2677775394?
4
What is the ten millions digit of 364453559?
6
What is the ten millions digit of 57847428?
5
What is the ten thousands digit of 392839318?
3
What is the thousands digit of 19044909?
4
What is the ten thousands digit of 387630895?
3
What is the units digit of 888782084?
4
What is the hundreds digit of 911869400?
4
What is the hundred millions digit of 468197098?
4
What is the hundred millions digit of 934086375?
9
What is the tens digit of 536363342?
4
What is the tens digit of 163486014?
1
What is the thousands digit of 3758909348?
9
What is the ten thousands digit of 393082381?
8
What is the billions digit of 3137828500?
3
What is the units digit of 2371530768?
8
What is the millions digit of 195016130?
5
What is the tens digit of 45887886?
8
What is the units digit of 119715939?
9
What is the thousands digit of 385022834?
2
What is the ten millions digit of 45524895?
4
What is the millions digit of 716170461?
6
What is the ten thousands digit of 3034400046?
0
What is the tens digit of 652371944?
4
What is the thousands digit of 169830007?
0
What is the millions digit of 11806580?
1
What is the tens digit of 665658431?
3
What is the ten thousands digit of 694069959?
6
What is the units digit of 68570779?
9
What is the hundreds digit of 218846605?
6
What is the hundred thousands digit of 5025684153?
6
What is the thousands digit of 121975863?
5
What is the thousands digit of 28282422?
2
What is the millions digit of 82331526?
2
What is the hundred thousands digit of 2700003285?
0
What is the hundreds digit of 872123455?
4
What is the hundred thousands digit of 79835306?
8
What is the ten thousands digit of 11100382?
0
What is the units digit of 38961772?
2
What is the millions digit of 231760891?
1
What is the ten thousands digit of 287979821?
7
What is the ten thousands digit of 206596093?
9
What is the hundred millions digit of 354776819?
3
What is the thousands digit of 1763746799?
6
What is the millions digit of 167867255?
7
What is the millions digit of 141970257?
1
What is the ten thousands digit of 638435972?
3
What is the hundred millions digit of 418700809?
4
What is the tens digit of 1025879780?
8
What is the thousands digit of 144364325?
4
What is the hundred millions digit of 1834873395?
8
What is the units digit of 392804336?
6
What is the units digit of 467547885?
5
What is the units digit of 4903270?
0
What is the tens digit of 264355097?
9
What is the hundreds digit of 21990312?
3
What is the thousands digit of 675408393?
8
What is the units digit of 261718165?
5
What is the ten millions digit of 3881576556?
8
What is the thousands digit of 44011377?
1
What is the thousands digit of 173347626?
7
What is the billions digit of 1581013225?
1
What is the hundred thousands digit of 132759517?
7
What is the billions digit of 1157030330?
1
What is the hundreds digit of 132210798?
7
What is the millions digit of 49739791?
9
What is the ten millions digit of 433340314?
3
What is the units digit of 4320796114?
4
What is the millions digit of 372054849?
2
What is the units digit of 238809088?
8
What is the ten thousands digit of 133813338?
1
What is the millions digit of 52062731?
2
What is the units digit of 69401301?
1
What is the hundred thousands digit of 1588082139?
0
What is the ten millions digit of 295561346?
9
What is the units digit of 55038545?
5
What is the ten thousands digit of 4525193696?
9
What is the millions digit of 434984807?
4
What is the thousands digit of 393964234?
4
What is the millions digit of 55879187?
5
What is the thousands digit of 44762599?
2
What is the hundred thousands digit of 955646727?
6
What is the hundreds digit of 182977398?
3
What is the ten millions digit of 802611974?
0
What is the thousands digit of 6428172836?
2
What is the hundreds digit of 3430286053?
0
What is the units digit of 33302577?
7
What is the hundreds digit of 57626851?
8
What is the billions digit of 1523412024?
1
What is the units digit of 3176203450?
0
What is the hundred thousands digit of 247166889?
1
What is the hundred millions digit of 107914369?
1
What is the hundred thousands digit of 32744361?
7
What is the ten millions digit of 160391212?
6
What is the hundred millions digit of 537794357?
5
What is the thousands digit of 2431216198?
6
What is the billions digit of 1093043778?
1
What is the units digit of 1498182988?
8
What is the millions digit of 19125727?
9
What is the hundred thousands digit of 121849253?
8
What is the ten millions digit of 10114641?
1
What is the units digit of 629641009?
9
What is the hundred thousands digit of 426034022?
0
What is the thousands digit of 4264785451?
5
What is the hundred thousands digit of 2971789366?
7
What is the units digit of 815184418?
8
What is the tens digit of 47855186?
8
What is the ten millions digit of 60216616?
6
What is the tens digit of 221482286?
8
What is the hundred thousands digit of 58880760?
8
What is the ten millions digit of 70282329?
7
What is the tens digit of 341315336?
3
What is the ten millions digit of 264215225?
6
What is the tens digit of 4452524401?
0
What is the hundreds digit of 993426935?
9
What is the thousands digit of 6330860744?
0
What is the hundred millions digit of 167885158?
1
What is the ten millions digit of 36319165?
3
What is the millions digit of 779941338?
9
What is the tens digit of 2124139396?
9
What is the units digit of 340056388?
8
What is the ten thousands digit of 2961579460?
7
What is the ten thousands digit of 4331947647?
4
What is the millions digit of 25327861?
5
What is the millions digit of 421208791?
1
What is the units digit of 2028498475?
5
What is the ten thousands digit of 111186282?
8
What is the units digit of 60991136?
6
What is the thousands digit of 1444521510?
1
What is the units digit of 28589906?
6
What is the tens digit of 408420917?
1
What is the thousands digit of 5899188?
9
What is the hundreds digit of 2671928661?
6
What is the thousands digit of 250224590?
4
What is the thousands digit of 52886540?
6
What is the ten thousands digit of 612863850?
6
What is the hundred millions digit of 1160081976?
1
What is the hundred thousands digit of 127280264?
2
What is the hundred thousands digit of 47207350?
2
What is the millions digit of 1181778?
1
What is the ten millions digit of 352272270?
5
What is the ten millions digit of 166884553?
6
What is the ten thousands digit of 104142851?
4
What is the hundred millions digit of 1840528241?
8
What is the ten thousands digit of 181134610?
3
What is the millions digit of 81522061?
1
What is the thousands digit of 2843700604?
0
What is the ten thousands digit of 271450679?
5
What is the units digit of 36061497?
